ctor of a and u.
13
Let k(n) = n**3 - 6*n**2 + 5. Let o be k(6). Let d = 21 - o. What is the highest common factor of 64 and d?
16
Suppose -16 = -p - 91. Let u = p + 111. Suppose -102 = -f - 4*z, 0 = -2*f + z - 47 + 224. Calculate the highest common divisor of u and f.
18
Let x(w) = w**3 - 8*w**2 + 9*w - 10. Let m be x(7). Calculate the greatest common factor of 8 and m.
4
Let j(m) = m**2 + 9*m - 8. Let a be j(-11). Calculate the greatest common factor of a and 14.
14
Let b(w) = -w**3 - w**2 - w. Let v be b(-3). Let x = v - 11. Let m(q) = -q**3 + 7*q**2 + q - 2. Let j be m(6). Calculate the highest common divisor of x and j.
10
Let y = -22 - -32. Let d be 2/(-7) + 564/14. Calculate the highest common divisor of y and d.
10
Let m be 105/(-84) + 833/4. Calculate the highest common factor of 23 and m.
23
Suppose -5*w - 544 = -2*r, 3*r - 318 = 3*w - r. Let f be (-1)/(222/w - -2). Calculate the highest common divisor of 5 and f.
5
Let v(j) = 5*j - 36. Let b be v(11). What is the highest common factor of b and 209?
19
Let i(x) = -3*x + 6. Let h be i(-7). What is the greatest common divisor of 9 and h?
9
Let m be -2 - -23 - (-1 + -2). Suppose -t + m = -102. Let f = -12 - -26. What is the greatest common factor of f and t?
14
Let n = 18 - 6. What is the greatest common divisor of 60 and n?
12
Let r be 2*(14 + (2 - 1)). Suppose 64 + 116 = 12*n. Calculate the greatest common factor of r and n.
15
Let z(m) = -m**3 + m**2 - 2*m + 6. Let d be z(3). Let b = d + 19. Calculate the greatest common factor of b and 8.
1
Let s = -8 + 11. Suppose 2*f - s*f + 120 = 0. Suppose 0*r + f = 5*r. Calculate the highest common divisor of 12 and r.
12
Suppose 0*g - 9 = 3*g. Let j be (-15)/2*(g - -1). What is the greatest common divisor of 120 and j?
15
Suppose -2*v + 7*v - 10 = 0. Suppose 2*h - r - 10 = 0, 0 = -h - v*r + 10. What is the greatest common divisor of h and 42?
6
Let i be (30/(-1))/(1/(-3)). Let t be ((-12)/9)/((-4)/30). Calculate the highest common factor of t and i.
10
Suppose 64*n = 65*n - 32. Let b be 3*(7/3 - 1). Calculate the greatest common divisor of b and n.
4
Let f = 2 - 0. Suppose 36 = f*u + 4. Let v = 44 + -12. Calculate the highest common divisor of u and v.
16
Let w = 268 - 121. Let i be (-83)/(-4) + 3/12. What is the greatest common divisor of i and w?
21
Suppose 0 = -3*p - 16 + 70. What is the highest common factor of p and 45?
9
Suppose -2*h = v - 22, -3*v - 2 = h - 3. What is the greatest common divisor of 13 and h?
13
Let m(g) = -2*g - 4. Let q(z) = -3*z - 3. Let r(x) = 2*m(x) - 3*q(x). Let k be r(5). What is the highest common factor of k and 39?
13
Suppose -10*o + 293 + 267 = 0. Calculate the greatest common divisor of 14 and o.
14
Let i(b) = b**3 - b**2 + 2*b - 1. Let g be i(1). Let q be 361/4 + (-2)/8. Let t be q/8 + (-2)/8. Calculate the highest common factor of g and t.
1
Suppose t = -3*t + 100. What is the greatest common divisor of 10 and t?
5
Let a(l) = -l**3 - 11*l**2 + 10*l + 4. Let p be a(-12). Calculate the greatest common factor of p and 56.
28
Let b(n) = 10*n**2 - n - 1. Let o be b(-1). Suppose t + o = 1. Let x = t - -17. What is the greatest common factor of 8 and x?
8
Let l(d) = -62*d**3 + d**2 - 1. Let z be l(-1). Suppose 18 = 4*b - z. What is the greatest common divisor of 4 and b?
4
Let g = -43 - -48. Suppose 3*j + 0*j + 2*k = 86, 2*j + 4*k - 52 = 0. What is the highest common divisor of g and j?
5
Suppose 2*w = -0*w - 2*r + 8, -4*w + 10 = -2*r. What is the highest common divisor of 24 and w?
3
Let y = -4 - -8. Calculate the highest common factor of 36 and y.
4
Suppose -5*a + 45 + 55 = x, x = -3*a + 100. Suppose 3*r - 74 = -r + u, 5*r - x = 5*u. Calculate the greatest common factor of r and 72.
18
Let n be 1*209 + 0*5/25. What is the greatest common factor of n and 19?
19
Suppose -3*v - 8 = -7*v. Suppose 3 = -4*g - 4*u + 19, -5*u = 4*g - 14. Calculate the highest common factor of v and g.
2
Let u = 415 - -76. Suppose -5*i + s = -494, s - u = -5*i + 5*s. Calculate the greatest common factor of 9 and i.
9
Let d(z) = -z + 9. Let r be d(-3). What is the highest common factor of 108 and r?
12
Let x = -1 - -5. Suppose 0 = 7*c + c - 288. Calculate the highest common divisor of c and x.
4
Let o = -164 + 263. Calculate the greatest common factor of o and 9.
9
Suppose 0 = a + 3*a. Suppose a = 3*t - 2*t. Suppose t = -5*d + 2*k + 89, 2*d = d + 4*k + 7. What is the greatest common factor of 76 and d?
19
Suppose -36 - 69 = -7*w. What is the highest common divisor of w and 60?
15
Suppose -124 = -5*n - 4*r, 0*r - 3*r = -4*n + 93. Let v be (18/(-4))/(3/n). Let b be (9/6)/((-2)/v). Calculate the highest common factor of b and 9.
9
Let w be 2/11 + (-97)/(-11). Let r be w + (8/(-4) - -4). Suppose -3*v + 3 = -12, 4*n = v + 391. Calculate the highest common divisor of r and n.
11
Let x(h) be the first derivative of -3 + 1/2*h**2 + 2*h. Let i be x(4). Calculate the greatest common factor of 18 and i.
6
Suppose 0 = 5*v + 4*v - 243. What is the greatest common factor of v and 108?
27
Let j = 6 + 1. Let x(z) = z**3 - 8*z**2 + 9*z - 3. Let l be x(j). What is the greatest common divisor of l and 77?
11
Let l be 1 + 1 + (4 - 34). Let j be l/(-6)*18/7. Calculate the greatest common factor of j and 36.
12
Suppose -18 - 37 = -r. Calculate the greatest common factor of 10 and r.
5
Let a be (-148)/(-14) + 8/(-14). Suppose -2*i = -5*u + 17, -u + 5 = -5*i + 4*u. Calculate the highest common divisor of i and a.
2
Let p(g) = 4*g + 1. Let d be p(1). Suppose 3*o + 61 = 5*n - 21, 4*n + 5*o - 73 = 0. Suppose -5*l = -n - 33. Calculate the highest common factor of l and d.
5
Let k = -2 - -5. Let q = 5 - k. Suppose 2*d + z - 20 = q*z, -3*z = 3*d - 48. What is the greatest common divisor of d and 96?
12
Suppose 22 = -2*f - 78. Let n = 83 + f. Calculate the greatest common factor of 22 and n.
11
Let n = -179 + 355. Suppose 2*q = -0*q - 5*a + 34, -5*q + 118 = -4*a. Calculate the greatest common divisor of n and q.
22
Let b be (2 + 2)*(-14)/4*-1. Calculate the highest common divisor of 126 and b.
14
Let t = -1 - -13. Suppose 5 = 2*x - 5. Suppose -x*p + 87 = 4*l - 0*p, -p - 51 = -3*l. Calculate the highest common divisor of l and t.
6
Suppose 0*b + 3*b = -2*y + 9, 12 = 4*b + 2*y. Let h(i) = 6*i - 6. Let f be 6 - (0 + 0 + 1). Let v be h(f). What is the greatest common factor of b and v?
3
Let c(d) = d**2 - 13*d + 15. Let w be c(13). Calculate the greatest common factor of 195 and w.
15
Let c = 0 - -14. Let i = 12 + c. What is the highest common divisor of i and 26?
26
Suppose 2*g - 75 = -3*g - 5*l, -g + 15 = -3*l. Suppose -4*u + u = -g. Suppose u*z - 13 = 27. Calculate the greatest common divisor of z and 88.
8
Suppose -4*l + 15 = -3*p, -2*p - 17 + 5 = -3*l. Let x be (-5)/(-15) - 80/l. Let z be (2 - (-3 - x))*-2. What is the highest common factor of 64 and z?
16
Let v = 22 - 10. Suppose -2*k - 5*y + v = -128, -y = -2*k + 164. Let x = k + 11. What is the highest common divisor of x and 13?
13
Let c(x) = -x**3 + 15*x**2 - 33*x - 7. Let b be c(12). Calculate the greatest common divisor of 145 and b.
29
Let c = 89 + -19. Let q be (-2)/3 + 132/9. What is the highest common factor of c and q?
14
Suppose 0 = -2*d + 5*d - 6. Suppose 35 = -o + d*o. Suppose 4*t = -5*c, t - 2 = 3*t + 3*c. Calculate the highest common factor of o and t.
5
Suppose -2 - 14 = -4*x. Let o(y) = y**3 - 4*y**2 + y. Let g be o(x). What is the highest common factor of g and 36?
4
Let s(j) = j**2 - j. Let g be s(-1). Suppose 3*x - 30 = -450. Let y be x/(-16) - 3/4. Calculate the highest common divisor of y and g.
2
Suppose -3*c + 14 + 0 = 4*k, 4*c - 14 = -3*k. What is the highest common divisor of k and 8?
2
Let c be (-2)/((-8)/14) + (-3)/(-6). What is the greatest common factor of c and 16?
4
Let a(w) = -w**2 - 2*w + 4. Let p be a(-3). Let z be p/(2*(-2)/(-52)). What is the greatest common divisor of z and 13?
13
Let u be (-153)/(-15) + (-1)/5. Let p be -2 + u/(-3 + 5). Suppose 0*m = 2*m - 4*a - 18, 5*a = -p*m - 6. Calculate the highest common factor of m and 21.
3
Let m(c) = 2*c + 1. Let k be m(4). Suppose -2*r + 41 - k = 0. Calculate the greatest common factor of r and 24.
8
Let m be (-5 + -3)*(-2)/4. Suppose -m = 2*c + 2*o, -4*o = 4*c - 2*c + 10. Calculate the greatest common divisor of 4 and c.
1
Let z